me factors of 100496.
2, 11, 571
What are the prime factors of 542894?
2, 11, 24677
What are the prime factors of 1982927?
61, 32507
What are the prime factors of 795188?
2, 19, 10463
List the prime factors of 38119648.
2, 7, 23, 151
What are the prime factors of 596096?
2, 4657
List the prime factors of 394482.
2, 3, 11, 43, 139
List the prime factors of 955265.
5, 31, 6163
What are the prime factors of 146044?
2, 29, 1259
List the prime factors of 382858.
2, 7, 23, 29, 41
What are the prime factors of 3799649?
7, 149, 3643
List the prime factors of 13374398.
2, 6687199
What are the prime factors of 140711?
37, 3803
What are the prime factors of 89911?
47, 1913
What are the prime factors of 10422448?
2, 31, 21013
List the prime factors of 455184.
2, 3, 29, 109
List the prime factors of 3063050.
2, 5, 61261
List the prime factors of 2031600.
2, 3, 5, 1693
What are the prime factors of 291571?
7, 23, 1811
List the prime factors of 9718124.
2, 13, 37, 5051
What are the prime factors of 4277073?
3, 83, 89, 193
List the prime factors of 695152.
2, 23, 1889
What are the prime factors of 1185657?
3, 11, 19, 31, 61
What are the prime factors of 168596?
2, 113, 373
What are the prime factors of 4552742?
2, 19, 119809
List the prime factors of 614970.
2, 3, 5, 6833
What are the prime factors of 703814?
2, 37, 9511
What are the prime factors of 6602073?
3, 257, 8563
List the prime factors of 2434388.
2, 11, 61, 907
List the prime factors of 6442228.
2, 13, 229, 541
List the prime factors of 5460980.
2, 5, 7, 19, 2053
List the prime factors of 4240824.
2, 3, 7, 25243
What are the prime factors of 31299152?
2, 241, 8117
What are the prime factors of 557360?
2, 5, 6967
What are the prime factors of 427059?
3, 15817
What are the prime factors of 1102101?
3, 7, 11, 13, 367
What are the prime factors of 295545?
3, 5, 17, 19, 61
What are the prime factors of 914718?
2, 3, 7, 29, 751
List the prime factors of 161446.
2, 89, 907
What are the prime factors of 3223726?
2, 11, 23, 277
What are the prime factors of 3187303?
7, 29, 2243
What are the prime factors of 9960102?
2, 3, 127, 4357
List the prime factors of 169923.
3, 13, 4357
What are the prime factors of 52933?
43, 1231
What are the prime factors of 816158?
2, 7, 97, 601
What are the prime factors of 1209491?
1209491
What are the prime factors of 237206?
2, 118603
List the prime factors of 2793888.
2, 3, 89, 109
List the prime factors of 561076.
2, 140269
List the prime factors of 117709.
117709
What are the prime factors of 10414548?
2, 3, 96431
What are the prime factors of 25727247?
3, 7, 13, 37, 283
List the prime factors of 650780.
2, 5, 13, 2503
List the prime factors of 3773965.
5, 13, 58061
List the prime factors of 3746552.
2, 468319
What are the prime factors of 1057451?
17, 3659
What are the prime factors of 12913383?
3, 7, 149, 4127
What are the prime factors of 2694679?
13, 53, 3911
List the prime factors of 155977.
61, 2557
List the prime factors of 4284389.
4284389
What are the prime factors of 16361668?
2, 67, 61051
What are the prime factors of 12360504?
2, 3, 13, 173, 229
What are the prime factors of 3370812?
2, 3, 257, 1093
What are the prime factors of 469845?
3, 5, 53, 197
What are the prime factors of 412185?
3, 5, 27479
What are the prime factors of 356216?
2, 7, 6361
What are the prime factors of 811451?
137, 5923
List the prime factors of 470817.
3, 52313
What are the prime factors of 2287922?
2, 7, 13, 967
What are the prime factors of 291931?
353, 827
What are the prime factors of 611557?
611557
List the prime factors of 12601.
12601
List the prime factors of 758883.
3, 131, 1931
What are the prime factors of 214814?
2, 19, 5653
What are the prime factors of 1262864?
2, 78929
List the prime factors of 7875153.
3, 11, 13, 29, 211
What are the prime factors of 272733?
3, 90911
What are the prime factors of 1496768?
2, 7, 13, 257
List the prime factors of 984816.
2, 3, 7, 977
List the prime factors of 509378.
2, 43, 5923
What are the prime factors of 1026547?
1026547
List the prime factors of 154213.
154213
List the prime factors of 666118.
2, 271, 1229
What are the prime factors of 8649520?
2, 5, 11, 9829
List the prime factors of 17818989.
3, 127, 46769
List the prime factors of 1581776.
2, 7, 29, 487
List the prime factors of 26097836.
2, 53, 257, 479
List the prime factors of 8340579.
3, 13, 71287
List the prime factors of 8650516.
2, 7, 227, 1361
List the prime factors of 286347.
3, 31, 3079
What are the prime factors of 5960677?
977, 6101
List the prime factors of 926232.
2, 3, 38593
List the prime factors of 2251525.
5, 113, 797
List the prime factors of 1458511.
911, 1601
What are the prime factors of 2625433?
2625433
What are the prime factors of 959809?
959809
What are the prime factors of 4794299?
4794299
What are the prime factors of 515734?
2, 257867
What are the prime factors of 163027?
163027
List the prime factors of 23467231.
139, 197, 857
What are the prime factors of 2546247?
3, 11, 19, 31, 131
What are the prime factors of 967893?
3, 322631
What are the prime factors of 2903843?
257, 11299
What are the prime factors of 4052351?
31, 37, 3533
What are the prime factors of 124637?
23, 5419
List the prime factors of 1613553.
3, 593, 907
List the prime factors of 157264.
2, 9829
List the prime factors of 5316067.
19, 83, 3371
What are the prime factors of 181974?
2, 3, 13, 2333
List the prime factors of 7572158.
2, 11, 344189
List the prime factors of 130192.
2, 79, 103
What are the prime factors of 684409?
11, 62219
What are the prime factors of 109264?
2, 6829
List the prime factors of 655085.
5, 37, 3541
List the prime factors of 842077.
842077
What are the prime factors of 4844250?
2, 3, 5, 2153
What are the prime factors of 239334?
2, 3, 113, 353
What are the prime factors of 181768?
2, 22721
What are the prime factors of 2503530?
2, 3, 5, 27817
What are the prime factors of 397331?
11, 41, 881
What are the prime factors of 7661940?
2, 3, 5, 11, 13, 19, 47
What are the prime factors of 182163?
3, 41, 1481
List the prime factors of 413744.
2, 19, 1361
What are the prime factors of 2892291?
3, 964097
What are the prime factors of 4738?
2, 23, 103
List the prime factors of 92060.
2, 5, 4603
What are the prime factors of 21432217?
41, 522737
What are the prime factors of 3475502?
2, 641, 2711
What are the prime factors of 3591053?
163, 22031
What are the prime factors of 290697?
3, 11, 23, 383
List the prime factors of 1308254.
2, 654127
List the prime factors of 231828.
2, 3, 19319
What are the prime factors of 2764261?
41, 67421
List the prime factors of 1118246.
2, 559123
What are the prime factors of 148055?
5, 29611
List the prime factors of 898402.
2, 449201
What are the prime factors of 1617?
3, 7, 11
What are the prime factors of 2537874?
2, 3, 277, 509
List the prime factors of 247074.
2, 3, 41179
List the prime factors of 2584974.
2, 3, 7, 61547
List the prime factors of 1154603.
1154603
List the prime factors of 458541.
3, 17, 37
What are the prime factors of 2138614?
2, 1069307
List the prime factors of 111413.
43, 2591
List the prime factors of 255825.
3, 5, 379
What are the prime factors of 11429547?
3, 3809849
What are the prime factors of 18753574?
2, 7, 31, 6173
List the prime factors of 78548.
2, 73, 269
What are the prime factors of 359484?
2, 3, 29, 1033
What are the prime factors of 3104261?
127, 24443
List the prime factors of 526849.
251, 2099
List the prime factors of 605208.
2, 3, 151, 167
List the prime factors of 1601412.
2, 3, 133451
List the prime factors of 5440856.
2, 680107
List the prime factors of 703657.
703657
What are the prime factors of 465839?
11, 42349
List the prime factors of 1297274.
2, 11, 58967
What are the prime factors of 66948?
2, 3, 7, 797
List the prime factors of 95822.
2, 47911
List the prime factors of 3873896.
2, 13, 193
What are the prime factors of 1150716?
2, 3, 7, 19, 103
List the prime factors of 1550843.
7, 221549
List the prime factors of 362468.
2, 90617
List the prime factors of 34699.
7, 4957
What are the prime factors of 564807?
3, 59, 3191
What are the prime factors of 974712?
2, 3, 17, 2389
What are the prime factors of 273358?
2, 31, 4409
List the prime factors of 8280.
2, 3, 5, 23
What are th